s 25592333 a composite number?
True
Is 951967 composite?
False
Is 47645671 a prime number?
True
Is 34806901 a prime number?
True
Is 25958441 a composite number?
False
Is 51969413 a composite number?
True
Is 5533133 a composite number?
True
Is 61935013 composite?
True
Is 6493259 composite?
False
Is 6585101 a prime number?
False
Is 4088087 composite?
False
Is 130867931 prime?
True
Is 80620985 a composite number?
True
Is 9608297 a composite number?
False
Is 1653451 a prime number?
True
Is 20052541 a prime number?
True
Is 56168615 a prime number?
False
Is 7278377 a composite number?
False
Is 488898569 composite?
False
Is 7296841 composite?
False
Is 9756833 a prime number?
True
Is 2860474 prime?
False
Is 34885967 prime?
True
Is 636877 a composite number?
False
Is 821167 composite?
False
Is 10842329 prime?
True
Is 2655277 a prime number?
False
Is 5663657 composite?
False
Is 5455103 a prime number?
False
Is 6175669 a composite number?
True
Is 673573 prime?
True
Is 4703071 composite?
False
Is 343778 prime?
False
Is 489941 composite?
False
Is 635123 prime?
False
Is 46824319 composite?
True
Is 904483 composite?
False
Is 125626601 a prime number?
False
Is 4268689 a prime number?
True
Is 2609965 prime?
False
Is 342047 a prime number?
True
Is 392569 a prime number?
True
Is 14904809 prime?
True
Is 11118797 a prime number?
True
Is 248317931 composite?
False
Is 2882923 composite?
False
Is 19511239 a composite number?
True
Is 4787311 composite?
False
Is 151692593 a composite number?
True
Is 3224909 composite?
False
Is 45910797 a composite number?
True
Is 191281 composite?
False
Is 198671 a prime number?
False
Is 9242017 composite?
False
Is 2062699 a composite number?
True
Is 414026753 a composite number?
True
Is 1848655 a prime number?
False
Is 4435709 composite?
False
Is 3762407 prime?
False
Is 22896061 a composite number?
False
Is 71957699 prime?
False
Is 501967 a prime number?
True
Is 20618041 a prime number?
True
Is 9382027 a prime number?
True
Is 112908473 composite?
False
Is 1448303 composite?
False
Is 65951401 composite?
True
Is 1526329 composite?
True
Is 72057449 a prime number?
True
Is 1518141 composite?
True
Is 24012871 a prime number?
True
Is 12971479 a prime number?
False
Is 10366703 prime?
False
Is 6424903 a prime number?
True
Is 22099513 prime?
False
Is 43151963 prime?
True
Is 73565839 a prime number?
True
Is 18680995 a prime number?
False
Is 985483 a prime number?
True
Is 672527 a prime number?
False
Is 124745047 prime?
False
Is 8655289 prime?
False
Is 11138926 a composite number?
True
Is 1389383 prime?
True
Is 8550067 prime?
False
Is 4651337 a composite number?
True
Is 771851723 a prime number?
True
Is 134167057 composite?
False
Is 49971 a composite number?
True
Is 4771439 a prime number?
True
Is 5763947 prime?
False
Is 347181 composite?
True
Is 2794621 prime?
False
Is 4429246 composite?
True
Is 170147993 composite?
True
Is 1529683 a prime number?
True
Is 144139 composite?
False
Is 1694159 composite?
False
Is 336150527 a composite number?
True
Is 28195777 a composite number?
True
Is 254405581 prime?
False
Is 1075337 a prime number?
True
Is 225635945 a composite number?
True
Is 1133635047 composite?
True
Is 76246987 a prime number?
False
Is 178194239 a composite number?
False
Is 8557009 a prime number?
False
Is 39327653 composite?
False
Is 39217 prime?
True
Is 116248423 a composite number?
False
Is 132001 prime?
True
Is 8701309 composite?
False
Is 208243429 a composite number?
False
Is 1822781 a composite number?
False
Is 32850689 a composite number?
True
Is 1016237 prime?
True
Is 10086085 a prime number?
False
Is 4141460519 prime?
False
Is 38150297 a composite number?
False
Is 4916339 a composite number?
True
Is 14854633 a composite number?
True
Is 5224129 a prime number?
False
Is 1869185 a composite number?
True
Is 276565 a composite number?
True
Is 2511953 a prime number?
True
Is 38041511 composite?
False
Is 393859367 a prime number?
False
Is 34105229 composite?
True
Is 2880043 prime?
False
Is 242921141 a prime number?
True
Is 12912617 prime?
False
Is 2598091 a composite number?
False
Is 3355933 composite?
True
Is 10514417 composite?
True
Is 364421147 a prime number?
True
Is 639487 a prime number?
True
Is 16253233 a prime number?
True
Is 38103971 a composite number?
True
Is 1368559 composite?
True
Is 7936667 composite?
False
Is 116932017 composite?
True
Is 53324341 prime?
False
Is 818813 composite?
False
Is 2101881 a composite number?
True
Is 529381 composite?
False
Is 49217131 a composite number?
True
Is 96634987 prime?
False
Is 16293337 a composite number?
False
Is 1195331 prime?
False
Is 69439739 composite?
False
Is 35832449 a composite number?
False
Is 7108729 composite?
True
Is 21239095 a prime number?
False
Is 150913717 a prime number?
False
Is 4305395 composite?
True
Is 59931761 composite?
True
Is 54102021 a composite number?
True
Is 10647769 prime?
False
Is 734113 composite?
False
Is 5495749 composite?
True
Is 305537 a prime number?
False
Is 8376229 prime?
False
Is 2870155 a composite number?
True
Is 88171519 a prime number?
True
Is 3155473 a prime number?
True
Is 3155882 a prime number?
False
Is 3161927 a composite number?
True
Is 1327003 prime?
False
Is 6010033 a prime number?
True
Is 34987217 a prime number?
True
Is 3308999 a composite number?
True
Is 716501 composite?
False
Is 4656931 a prime number?
False
Is 5805133 a composite number?
True
Is 453685399 prime?
True
Is 3576721 a composite number?
False
Is 10860347 a prime number?
False
Is 50364499 a composite number?
False
Is 16899998 a prime number?
False
Is 1729561 a prime number?
False
Is 9339178 prime?
False
Is 3893809 a composite number?
True
Is 1096393 prime?
True
Is 464884253 a composite number?
True
Is 127191711 composite?
True
Is 1444543 a prime number?
True
Is 83808533 a composite number?
False
Is 289829 prime?
False
Is 118529417 a composite number?
False
Is 32577877 composite?
False
Is 55394477 a composite number?
True
Is 10487143 a prime number?
True
Is 211130131 a composite number?
False
Is 152554327 prime?
True
Is 1492663 a prime number?
False
Is 4770113 prime?
False
Is 343079 prime?
False
Is 25437499 composite?
True
Is 31233133 a prime number?
False
Is 40973293 a composite number?
True
Is 123387851 a composite number?
False
Is 4793879 composite?
False
Is 7581331 a prime number?
False
Is 1834649 a prime number?
False
Is 48862907 a composite number?
False
Is 14926693 a composite number?
True
Is 212203 a composite number?
False
Is 3163127 prime?
False
Is 34014251 a prime number?
False
Is 110260239 a composite number?
True
Is 96464477 composite?
True
Is 15305357 composite?
False
Is 6090223 a prime number?
True
Is 8856067 prime?
False
Is 14657347 a prime number?
True
Is 3711901 a composite number?
True
Is 791347 a prime number?
True
Is 855761969 prime?
True
Is 30078289 prime?
False
Is 838468355 a prime number?
False
Is 122548771 a prime number?
True
Is 2320613 prime?
False
Is 17388109 composite?
False
Is 20152127 prime?
True
Is 944929 composite?
False
Is 1683433 composite?
False
Is 156748987 composite?
False
Is 186619 composite?
False
Is 20691955 a composite number?
True
Is 191663 a composite number?
True
Is 1522817 composite?
True
Is 70874354 prime?
False
Is 10587677 prime?
True
Is 124164841 composite?
False
Is 153841 a composite number?
False
Is 164313167 prime?
False
Is 12091477 prime?
True
Is 5218253 a composite number?
True
Is 278878049 a prime number?
True
Is 943409977 composite?
True
Is 13949729 a prime number?
True
Is 274493 prime?
False
Is 4853209 a composite number?
True
Is 2179121 a composite number?
True
Is 18301447 composite?
False
Is 214610881 a prime number?
False
Is 1723405 prime?
False
Is 8189681 a prime number?
True
Is 39201809 a composite number?
False
Is 75903173 prime?
True
Is 2744411 a composite number?
False
Is 4957883 a composite number?
True
Is 5341229 a prime number?
True
Is 1121339 prime?
False
Is 154925489 composite?
True
Is 9691103 a prime number?
False
Is 814763 a composite number?
False
Is 56164529 a composite number?
True
Is 9016037 composite?
False
Is 270289319 composite?
True
Is 4660759 prime?
True
Is 18900689 a composite number?
True
Is 374503507 a prime number?
False
Is 2050459 composite?
False
Is 1439786 a prime number?
False
Is 